{"id":2,"date":"2015-12-18T08:34:53","date_gmt":"2015-12-18T07:34:53","guid":{"rendered":"https:\/\/stemarie-derval.fr\/?page_id=2"},"modified":"2026-01-27T12:20:10","modified_gmt":"2026-01-27T11:20:10","slug":"accueil","status":"publish","type":"page","link":"https:\/\/stemarie-derval.fr\/","title":{"rendered":"Accueil"},"content":{"rendered":"<div id=\"pl-2\" class=\"panel-layout\">\n<div id=\"pg-2-0\" class=\"panel-grid panel-no-style\" data-style=\"{&quot;background_image_attachment&quot;:false,&quot;background_display&quot;:&quot;tile&quot;,&quot;full_height&quot;:&quot;&quot;,&quot;cell_alignment&quot;:&quot;flex-start&quot;}\">\n<div id=\"pgc-2-0-0\" class=\"panel-grid-cell\" data-style=\"{&quot;background_image_attachment&quot;:false,&quot;background_display&quot;:&quot;tile&quot;,&quot;vertical_alignment&quot;:&quot;auto&quot;}\" data-weight=\"1\">\n<div id=\"panel-2-0-0-0\" class=\"so-panel widget widget_sow-editor panel-first-child panel-last-child\" data-index=\"0\" data-style=\"{&quot;background_image_attachment&quot;:false,&quot;background_display&quot;:&quot;tile&quot;,&quot;background_image_size&quot;:&quot;full&quot;,&quot;border_thickness&quot;:&quot;1px&quot;}\">\n<div class=\"so-widget-sow-editor so-widget-sow-editor-base\">\n<div class=\"siteorigin-widget-tinymce textwidget\">\n<h1>Ecole Sainte Marie &#8211; DERVAL &#8211;<\/h1>\n<h1><img loading=\"lazy\" decoding=\"async\" class=\"aligncenter wp-image-4764\" src=\"https:\/\/stemarie-derval.fr\/wp-content\/uploads\/2023\/04\/cropped-Logo-Ste-Marie-grand-fond-trans.-couleur-1024x724.png\" alt=\"\" width=\"179\" height=\"127\" srcset=\"https:\/\/stemarie-derval.fr\/wp-content\/uploads\/2023\/04\/cropped-Logo-Ste-Marie-grand-fond-trans.-couleur-1024x724.png 1024w, https:\/\/stemarie-derval.fr\/wp-content\/uploads\/2023\/04\/cropped-Logo-Ste-Marie-grand-fond-trans.-couleur-300x212.png 300w, https:\/\/stemarie-derval.fr\/wp-content\/uploads\/2023\/04\/cropped-Logo-Ste-Marie-grand-fond-trans.-couleur-768x543.png 768w, https:\/\/stemarie-derval.fr\/wp-content\/uploads\/2023\/04\/cropped-Logo-Ste-Marie-grand-fond-trans.-couleur-1536x1086.png 1536w, https:\/\/stemarie-derval.fr\/wp-content\/uploads\/2023\/04\/cropped-Logo-Ste-Marie-grand-fond-trans.-couleur-2048x1448.png 2048w, https:\/\/stemarie-derval.fr\/wp-content\/uploads\/2023\/04\/cropped-Logo-Ste-Marie-grand-fond-trans.-couleur-1528x1080.png 1528w\" sizes=\"(max-width: 179px) 100vw, 179px\" \/><\/h1>\n<p>Contact: 02 40 07 72 60 ou ec.derval.ste-marie@ec44.fr<\/p>\n<p>Le padlet des familles est disponible sous ce lien: <a href=\"https:\/\/padlet.com\/ecdervalstemarie\/padlet-familles-smderval-yy97o59tcrlokevh\">cliquer ici.<\/a><\/p>\n<\/div>\n<p><iframe loading=\"lazy\" title=\"Spot &quot;Dans le priv\u00e9 on croit !&quot;\" width=\"1170\" height=\"658\" src=\"https:\/\/www.youtube.com\/embed\/thlO1muWjsg?feature=oembed\" frameborder=\"0\" allow=\"accelerometer; autoplay; clipboard-write; encrypted-media; gyroscope; picture-in-picture; web-share\" referrerpolicy=\"strict-origin-when-cross-origin\" allowfullscreen><\/iframe><\/p>\n<div class=\"siteorigin-widget-tinymce textwidget\">\n<h1 style=\"text-align: center;\"><strong>PORTES OUVERTES de l&rsquo;\u00e9cole Sainte Marie <\/strong><\/h1>\n<h1 style=\"text-align: center;\"><strong>le 16 mars 2026 de 18h \u00e0 19h30.<\/strong><\/h1>\n<p><a href=\"https:\/\/stemarie-derval.fr\/wp-content\/uploads\/2026\/01\/multicolore-scolaire-portes-ouvertes-affiche.pdf\">multicolore scolaire portes-ouvertes affiche<\/a><\/p>\n<p>Voici un reportage vid\u00e9o montrant des \u00e9l\u00e9ments de la vie de l&rsquo;\u00e9cole !<\/p>\n<p>&nbsp;<\/p>\n<p>&nbsp;<\/p>\n<p>&nbsp;<\/p>\n<p>&nbsp;<\/p>\n<p>&nbsp;<\/p>\n<\/div>\n<\/div>\n<\/div>\n<\/div>\n<\/div>\n<\/div>\n","protected":false},"excerpt":{"rendered":"<p>Ecole Sainte Marie &#8211; DERVAL &#8211; Contact: 02 40 07 72 60 ou ec.derval.ste-marie@ec44.fr Le padlet des familles est disponible sous ce lien: cliquer ici. PORTES OUVERTES de l&rsquo;\u00e9cole Sainte Marie le 16 mars 2026 de 18h \u00e0 19h30. multicolore scolaire portes-ouvertes affiche Voici un reportage vid\u00e9o montrant des \u00e9l\u00e9ments de la vie de l&rsquo;\u00e9cole<\/p>\n<p><a href=\"https:\/\/stemarie-derval.fr\/\" class=\"more-link themebutton\">Lire la suite<\/a><\/p>\n","protected":false},"author":1,"featured_media":0,"parent":0,"menu_order":0,"comment_status":"closed","ping_status":"closed","template":"","meta":{"footnotes":""},"_links":{"self":[{"href":"https:\/\/stemarie-derval.fr\/index.php?rest_route=\/wp\/v2\/pages\/2"}],"collection":[{"href":"https:\/\/stemarie-derval.fr\/index.php?rest_route=\/wp\/v2\/pages"}],"about":[{"href":"https:\/\/stemarie-derval.fr\/index.php?rest_route=\/wp\/v2\/types\/page"}],"author":[{"embeddable":true,"href":"https:\/\/stemarie-derval.fr\/index.php?rest_route=\/wp\/v2\/users\/1"}],"replies":[{"embeddable":true,"href":"https:\/\/stemarie-derval.fr\/index.php?rest_route=%2Fwp%2Fv2%2Fcomments&post=2"}],"version-history":[{"count":35,"href":"https:\/\/stemarie-derval.fr\/index.php?rest_route=\/wp\/v2\/pages\/2\/revisions"}],"predecessor-version":[{"id":5126,"href":"https:\/\/stemarie-derval.fr\/index.php?rest_route=\/wp\/v2\/pages\/2\/revisions\/5126"}],"wp:attachment":[{"href":"https:\/\/stemarie-derval.fr\/index.php?rest_route=%2Fwp%2Fv2%2Fmedia&parent=2"}],"curies":[{"name":"wp","href":"https:\/\/api.w.org\/{rel}","templated":true}]}}

<div id="pl-2" class="panel-layout">
<div id="pg-2-0" class="panel-grid panel-no-style" data-style="{&quot;background_image_attachment&quot;:false,&quot;background_display&quot;:&quot;tile&quot;,&quot;full_height&quot;:&quot;&quot;,&quot;cell_alignment&quot;:&quot;flex-start&quot;}">
<div id="pgc-2-0-0" class="panel-grid-cell" data-style="{&quot;background_image_attachment&quot;:false,&quot;background_display&quot;:&quot;tile&quot;,&quot;vertical_alignment&quot;:&quot;auto&quot;}" data-weight="1">
<div id="panel-2-0-0-0" class="so-panel widget widget_sow-editor panel-first-child panel-last-child" data-index="0" data-style="{&quot;background_image_attachment&quot;:false,&quot;background_display&quot;:&quot;tile&quot;,&quot;background_image_size&quot;:&quot;full&quot;,&quot;border_thickness&quot;:&quot;1px&quot;}">
<div class="so-widget-sow-editor so-widget-sow-editor-base">
<div class="siteorigin-widget-tinymce textwidget">
<h1>Ecole Sainte Marie &#8211; DERVAL &#8211;</h1>
<h1><img loading="lazy" decoding="async" class="aligncenter wp-image-4764" src="https://stemarie-derval.fr/wp-content/uploads/2023/04/cropped-Logo-Ste-Marie-grand-fond-trans.-couleur-1024x724.png" alt="" width="179" height="127" srcset="https://stemarie-derval.fr/wp-content/uploads/2023/04/cropped-Logo-Ste-Marie-grand-fond-trans.-couleur-1024x724.png 1024w, https://stemarie-derval.fr/wp-content/uploads/2023/04/cropped-Logo-Ste-Marie-grand-fond-trans.-couleur-300x212.png 300w, https://stemarie-derval.fr/wp-content/uploads/2023/04/cropped-Logo-Ste-Marie-grand-fond-trans.-couleur-768x543.png 768w, https://stemarie-derval.fr/wp-content/uploads/2023/04/cropped-Logo-Ste-Marie-grand-fond-trans.-couleur-1536x1086.png 1536w, https://stemarie-derval.fr/wp-content/uploads/2023/04/cropped-Logo-Ste-Marie-grand-fond-trans.-couleur-2048x1448.png 2048w, https://stemarie-derval.fr/wp-content/uploads/2023/04/cropped-Logo-Ste-Marie-grand-fond-trans.-couleur-1528x1080.png 1528w" sizes="(max-width: 179px) 100vw, 179px" /></h1>
<p>Contact: 02 40 07 72 60 ou ec.derval.ste-marie@ec44.fr</p>
<p>Le padlet des familles est disponible sous ce lien: <a href="https://padlet.com/ecdervalstemarie/padlet-familles-smderval-yy97o59tcrlokevh">cliquer ici.</a></p>
</div>
<p><iframe loading="lazy" title="Spot &quot;Dans le privé on croit !&quot;" width="1170" height="658" src="https://www.youtube.com/embed/thlO1muWjsg?feature=oembed" frameborder="0" allow="accelerometer; autoplay; clipboard-write; encrypted-media; gyroscope; picture-in-picture; web-share" referrerpolicy="strict-origin-when-cross-origin" allowfullscreen></iframe></p>
<div class="siteorigin-widget-tinymce textwidget">
<h1 style="text-align: center;"><strong>PORTES OUVERTES de l&rsquo;école Sainte Marie </strong></h1>
<h1 style="text-align: center;"><strong>le 16 mars 2026 de 18h à 19h30.</strong></h1>
<p><a href="https://stemarie-derval.fr/wp-content/uploads/2026/01/multicolore-scolaire-portes-ouvertes-affiche.pdf">multicolore scolaire portes-ouvertes affiche</a></p>
<p>Voici un reportage vidéo montrant des éléments de la vie de l&rsquo;école !</p>
<p>&nbsp;</p>
<p>&nbsp;</p>
<p>&nbsp;</p>
<p>&nbsp;</p>
<p>&nbsp;</p>
</div>
</div>
</div>
</div>
</div>
</div>

<p>Ecole Sainte Marie &#8211; DERVAL &#8211; Contact: 02 40 07 72 60 ou ec.derval.ste-marie@ec44.fr Le padlet des familles est disponible sous ce lien: cliquer ici. PORTES OUVERTES de l&rsquo;école Sainte Marie le 16 mars 2026 de 18h à 19h30. multicolore scolaire portes-ouvertes affiche Voici un reportage vidéo montrant des éléments de la vie de l&rsquo;école</p>
<p><a href="https://stemarie-derval.fr/" class="more-link themebutton">Lire la suite</a></p>
