{"id":223,"date":"2017-01-14T10:55:12","date_gmt":"2017-01-14T09:55:12","guid":{"rendered":"https:\/\/stemarie-derval.fr\/?page_id=223"},"modified":"2026-01-27T12:22:03","modified_gmt":"2026-01-27T11:22:03","slug":"inscription","status":"publish","type":"page","link":"https:\/\/stemarie-derval.fr\/?page_id=223","title":{"rendered":"Inscriptions"},"content":{"rendered":"<h2 style=\"text-align: center;\"><strong><span style=\"color: #00733b;\">Inscri<a href=\"https:\/\/stemarie-derval.fr\/wp-content\/uploads\/2017\/01\/picto-inscription.png\"><img loading=\"lazy\" decoding=\"async\" class=\"wp-image-287 alignleft\" src=\"https:\/\/stemarie-derval.fr\/wp-content\/uploads\/2017\/01\/picto-inscription.png\" alt=\"\" width=\"104\" height=\"97\" srcset=\"https:\/\/stemarie-derval.fr\/wp-content\/uploads\/2017\/01\/picto-inscription.png 602w, https:\/\/stemarie-derval.fr\/wp-content\/uploads\/2017\/01\/picto-inscription-300x281.png 300w\" sizes=\"(max-width: 104px) 100vw, 104px\" \/><\/a>ption de votre enfant \u00e0 l&rsquo;\u00e9cole<br \/>\n<\/span><\/strong><\/h2>\n<h3 style=\"text-align: justify;\"><span style=\"color: #000000;\">D\u00e8s \u00e0 pr\u00e9sent, vous pouvez prendre rendez-vous avec le chef d&rsquo;\u00e9tablissement, M. CHARPENTIER (coordonn\u00e9es dans la page \u00ab\u00a0<a href=\"https:\/\/stemarie-derval.fr\/?page_id=226\">contact<\/a>\u00ab\u00a0)<\/span><\/h3>\n<h4 style=\"text-align: justify;\"><span style=\"color: #000000;\">Un rendez-vous d&rsquo;inscription, fix\u00e9 \u00e0 l&rsquo;occasion d&rsquo;un \u00e9change t\u00e9l\u00e9phonique, sera l&rsquo;occasion de faire connaissance, de vous pr\u00e9senter l&rsquo;\u00e9cole (sa structure, son fonctionnement, ses projets et ses locaux) et de compl\u00e9ter les documents administratifs.<\/span><\/h4>\n<h4 style=\"text-align: justify;\"><span style=\"color: #000000;\">Lors du rendez-vous, vous devrez vous munir :<\/span><\/h4>\n<ul style=\"text-align: justify;\">\n<li>\n<h4><span style=\"color: #000000;\">du carnet de sant\u00e9 de votre enfant<\/span><\/h4>\n<\/li>\n<li>\n<h4><span style=\"color: #000000;\">du livret de famille<\/span><\/h4>\n<\/li>\n<li>\n<h4><span style=\"color: #000000;\">du certificat de radiation de l&rsquo;\u00e9cole pr\u00e9c\u00e9demment fr\u00e9quent\u00e9e*<\/span><\/h4>\n<\/li>\n<\/ul>\n<h4 style=\"text-align: justify;\"><span style=\"color: #000000;\">* Si l&rsquo;enfant est d\u00e9j\u00e0 scolaris\u00e9<\/span><\/h4>\n<p>&nbsp;<\/p>\n<p style=\"text-align: justify;\"><strong>Pour les familles d\u00e9j\u00e0 pr\u00e9sentes \u00e0 l&rsquo;\u00e9cole qui souhaitent inscrire un enfant, vous pouvez demander le dossier d&rsquo;inscription par mail ou par le biais du formulaire de contact du site.<\/strong><\/p>\n<p>Pour une rentr\u00e9e r\u00e9ussie en maternelle, voici un livret qui devrait vous int\u00e9resser.<a href=\"https:\/\/stemarie-derval.fr\/wp-content\/uploads\/2026\/01\/Livret-2026-2027.pdf\">Livret 2026 2027<\/a><\/p>\n","protected":false},"excerpt":{"rendered":"<p>Inscription de votre enfant \u00e0 l&rsquo;\u00e9cole D\u00e8s \u00e0 pr\u00e9sent, vous pouvez prendre rendez-vous avec le chef d&rsquo;\u00e9tablissement, M. CHARPENTIER (coordonn\u00e9es dans la page \u00ab\u00a0contact\u00ab\u00a0) Un rendez-vous d&rsquo;inscription, fix\u00e9 \u00e0 l&rsquo;occasion d&rsquo;un \u00e9change t\u00e9l\u00e9phonique, sera l&rsquo;occasion de faire connaissance, de vous pr\u00e9senter l&rsquo;\u00e9cole (sa structure, son fonctionnement, ses projets et ses locaux) et de compl\u00e9ter les<\/p>\n<p><a href=\"https:\/\/stemarie-derval.fr\/?page_id=223\" class=\"more-link themebutton\">Lire la suite<\/a><\/p>\n","protected":false},"author":2,"featured_media":0,"parent":0,"menu_order":0,"comment_status":"closed","ping_status":"closed","template":"","meta":{"footnotes":""},"_links":{"self":[{"href":"https:\/\/stemarie-derval.fr\/index.php?rest_route=\/wp\/v2\/pages\/223"}],"collection":[{"href":"https:\/\/stemarie-derval.fr\/index.php?rest_route=\/wp\/v2\/pages"}],"about":[{"href":"https:\/\/stemarie-derval.fr\/index.php?rest_route=\/wp\/v2\/types\/page"}],"author":[{"embeddable":true,"href":"https:\/\/stemarie-derval.fr\/index.php?rest_route=\/wp\/v2\/users\/2"}],"replies":[{"embeddable":true,"href":"https:\/\/stemarie-derval.fr\/index.php?rest_route=%2Fwp%2Fv2%2Fcomments&post=223"}],"version-history":[{"count":8,"href":"https:\/\/stemarie-derval.fr\/index.php?rest_route=\/wp\/v2\/pages\/223\/revisions"}],"predecessor-version":[{"id":5128,"href":"https:\/\/stemarie-derval.fr\/index.php?rest_route=\/wp\/v2\/pages\/223\/revisions\/5128"}],"wp:attachment":[{"href":"https:\/\/stemarie-derval.fr\/index.php?rest_route=%2Fwp%2Fv2%2Fmedia&parent=223"}],"curies":[{"name":"wp","href":"https:\/\/api.w.org\/{rel}","templated":true}]}}