{"id":226,"date":"2017-01-14T10:55:31","date_gmt":"2017-01-14T09:55:31","guid":{"rendered":"https:\/\/stemarie-derval.fr\/?page_id=226"},"modified":"2024-01-17T10:42:38","modified_gmt":"2024-01-17T09:42:38","slug":"contact","status":"publish","type":"page","link":"https:\/\/stemarie-derval.fr\/?page_id=226","title":{"rendered":"Contact"},"content":{"rendered":"<h1><span style=\"color: #00733b;\"><strong>Nos coordonn\u00e9es :<\/strong><\/span><\/h1>\n<p style=\"padding-left: 30px;\"><span style=\"color: #000000;\">David Charpentier, chef d&rsquo;\u00e9tablissement<\/span><\/p>\n<p style=\"padding-left: 30px;\"><span style=\"color: #000000;\">Ecole Sainte Marie<\/span><\/p>\n<p style=\"padding-left: 30px;\"><span style=\"color: #000000;\">2 Rue de la plaine<\/span><\/p>\n<p style=\"padding-left: 30px;\"><span style=\"color: #000000;\">44590 DERVAL<\/span><\/p>\n<p style=\"padding-left: 30px;\"><span style=\"color: #000000;\">T\u00e9l : 02 40 07 72 60<\/span><\/p>\n<p style=\"padding-left: 30px;\"><span style=\"color: #000000;\">Mail : ec.derval.ste-marie@ec44.fr<\/span><\/p>\n<p><span style=\"color: #000000;\">Pour joindre l&rsquo;\u00e9cole par t\u00e9l\u00e9phone : <strong>accueil t\u00e9l\u00e9phonique de pr\u00e9f\u00e9rence le jeudi ou le vendredi<\/strong>. Les autres jours, n&rsquo;h\u00e9sitez pas \u00e0 laisser un message sur le r\u00e9pondeur en laissant vos coordonn\u00e9es afin que nous puissions vous rappeler.<\/span><\/p>\n<p>&nbsp;<\/p>\n<h3><span style=\"color: #00733b;\">Pour nous contacter par email, vous pouvez simplement remplir le <strong>formulaire de contact<\/strong> suivant.<\/span><\/h3>\n\n<div class=\"wpcf7 no-js\" id=\"wpcf7-f4792-o1\" lang=\"fr-FR\" dir=\"ltr\">\n<div class=\"screen-reader-response\"><p role=\"status\" aria-live=\"polite\" aria-atomic=\"true\"><\/p> <ul><\/ul><\/div>\n<form action=\"\/index.php?rest_route=%2Fwp%2Fv2%2Fpages%2F226#wpcf7-f4792-o1\" method=\"post\" class=\"wpcf7-form init\" aria-label=\"Formulaire de contact\" novalidate=\"novalidate\" data-status=\"init\">\n<div style=\"display: none;\">\n<input type=\"hidden\" name=\"_wpcf7\" value=\"4792\" \/>\n<input type=\"hidden\" name=\"_wpcf7_version\" value=\"5.8\" \/>\n<input type=\"hidden\" name=\"_wpcf7_locale\" value=\"fr_FR\" \/>\n<input type=\"hidden\" name=\"_wpcf7_unit_tag\" value=\"wpcf7-f4792-o1\" \/>\n<input type=\"hidden\" name=\"_wpcf7_container_post\" value=\"0\" \/>\n<input type=\"hidden\" name=\"_wpcf7_posted_data_hash\" value=\"\" \/>\n<\/div>\n<p><label> Votre nom<br \/>\n<span class=\"wpcf7-form-control-wrap\" data-name=\"your-name\"><input size=\"40\" class=\"wpcf7-form-control wpcf7-text wpcf7-validates-as-required\" autocomplete=\"name\" aria-required=\"true\" aria-invalid=\"false\" value=\"\" type=\"text\" name=\"your-name\" \/><\/span> <\/label>\n<\/p>\n<p><label> Votre e-mail<br \/>\n<span class=\"wpcf7-form-control-wrap\" data-name=\"your-email\"><input size=\"40\" class=\"wpcf7-form-control wpcf7-email wpcf7-validates-as-required wpcf7-text wpcf7-validates-as-email\" autocomplete=\"email\" aria-required=\"true\" aria-invalid=\"false\" value=\"\" type=\"email\" name=\"your-email\" \/><\/span> <\/label>\n<\/p>\n<p><label> Objet<br \/>\n<span class=\"wpcf7-form-control-wrap\" data-name=\"your-subject\"><input size=\"40\" class=\"wpcf7-form-control wpcf7-text wpcf7-validates-as-required\" aria-required=\"true\" aria-invalid=\"false\" value=\"\" type=\"text\" name=\"your-subject\" \/><\/span> <\/label>\n<\/p>\n<p><label> Votre message (facultatif)<br \/>\n<span class=\"wpcf7-form-control-wrap\" data-name=\"your-message\"><textarea cols=\"40\" rows=\"10\" class=\"wpcf7-form-control wpcf7-textarea\" aria-invalid=\"false\" name=\"your-message\"><\/textarea><\/span> <\/label>\n<\/p>\n<p><input class=\"wpcf7-form-control wpcf7-submit has-spinner\" type=\"submit\" value=\"Envoyer\" \/>\n<\/p><div class=\"wpcf7-response-output\" aria-hidden=\"true\"><\/div>\n<\/form>\n<\/div>\n\n","protected":false},"excerpt":{"rendered":"<p>Nos coordonn\u00e9es : David Charpentier, chef d&rsquo;\u00e9tablissement Ecole Sainte Marie 2 Rue de la plaine 44590 DERVAL T\u00e9l : 02 40 07 72 60 Mail : ec.derval.ste-marie@ec44.fr Pour joindre l&rsquo;\u00e9cole par t\u00e9l\u00e9phone : accueil t\u00e9l\u00e9phonique de pr\u00e9f\u00e9rence le jeudi ou le vendredi. Les autres jours, n&rsquo;h\u00e9sitez pas \u00e0 laisser un message sur le r\u00e9pondeur en<\/p>\n<p><a href=\"https:\/\/stemarie-derval.fr\/?page_id=226\" class=\"more-link themebutton\">Lire la suite<\/a><\/p>\n","protected":false},"author":2,"featured_media":0,"parent":0,"menu_order":0,"comment_status":"closed","ping_status":"closed","template":"","meta":{"footnotes":""},"_links":{"self":[{"href":"https:\/\/stemarie-derval.fr\/index.php?rest_route=\/wp\/v2\/pages\/226"}],"collection":[{"href":"https:\/\/stemarie-derval.fr\/index.php?rest_route=\/wp\/v2\/pages"}],"about":[{"href":"https:\/\/stemarie-derval.fr\/index.php?rest_route=\/wp\/v2\/types\/page"}],"author":[{"embeddable":true,"href":"https:\/\/stemarie-derval.fr\/index.php?rest_route=\/wp\/v2\/users\/2"}],"replies":[{"embeddable":true,"href":"https:\/\/stemarie-derval.fr\/index.php?rest_route=%2Fwp%2Fv2%2Fcomments&post=226"}],"version-history":[{"count":5,"href":"https:\/\/stemarie-derval.fr\/index.php?rest_route=\/wp\/v2\/pages\/226\/revisions"}],"predecessor-version":[{"id":4807,"href":"https:\/\/stemarie-derval.fr\/index.php?rest_route=\/wp\/v2\/pages\/226\/revisions\/4807"}],"wp:attachment":[{"href":"https:\/\/stemarie-derval.fr\/index.php?rest_route=%2Fwp%2Fv2%2Fmedia&parent=226"}],"curies":[{"name":"wp","href":"https:\/\/api.w.org\/{rel}","templated":true}]}}