{"id":4833,"date":"2024-01-19T14:55:02","date_gmt":"2024-01-19T13:55:02","guid":{"rendered":"https:\/\/stemarie-derval.fr\/?page_id=4833"},"modified":"2025-10-03T16:19:40","modified_gmt":"2025-10-03T14:19:40","slug":"presse","status":"publish","type":"page","link":"https:\/\/stemarie-derval.fr\/?page_id=4833","title":{"rendered":"Presse"},"content":{"rendered":"<p>Ouest France 01 septembre 2025<\/p>\n<p><img loading=\"lazy\" decoding=\"async\" class=\"aligncenter size-full wp-image-5086\" src=\"https:\/\/stemarie-derval.fr\/wp-content\/uploads\/2025\/10\/MjAyNTA5Y2I2NjBjMDVmNzE5NjgxOTcwZGM1MGIxMGY3Y2U3NWM.jpg\" alt=\"\" width=\"630\" height=\"310\" srcset=\"https:\/\/stemarie-derval.fr\/wp-content\/uploads\/2025\/10\/MjAyNTA5Y2I2NjBjMDVmNzE5NjgxOTcwZGM1MGIxMGY3Y2U3NWM.jpg 630w, https:\/\/stemarie-derval.fr\/wp-content\/uploads\/2025\/10\/MjAyNTA5Y2I2NjBjMDVmNzE5NjgxOTcwZGM1MGIxMGY3Y2U3NWM-300x148.jpg 300w\" sizes=\"(max-width: 630px) 100vw, 630px\" \/><\/p>\n<p>L\u2019\u00e9cole Sainte-Marie a un effectif en l\u00e9g\u00e8re augmentation. Cent soixante-huit \u00e9l\u00e8ves (contre cent soixante-deux l\u2019an pass\u00e9), int\u00e9greront les sept classes de l\u2019\u00e9tablissement priv\u00e9. <strong>\u00ab\u00a0Les d\u00e9parts<\/strong><strong> d\u2019\u00e9l\u00e8ves en 6<sup>e<\/sup> ont \u00e9t\u00e9 largement compens\u00e9s par l\u2019arriv\u00e9e de nouvelles familles,<\/strong> se f\u00e9licite le directeur, David Charpentier. <strong>Au total, on a r\u00e9alis\u00e9 trente-quatre nouvelles inscriptions\u00a0\u00bb.<\/strong><\/p>\n<p>L\u2019\u00e9quipe accueille de nouvelles enseignantes : Nolwenn Buard-Le Moing, en charge des CE1 et CE2 ; Marion Bouchard, avec les CP-CE1 ; Cynthia Houssin assurera, devant les CM2, les journ\u00e9es de d\u00e9charge du directeur, le mardi et vendredi.\u00a0Une nouvelle aide maternelle, Flavy Nadeau-Brosset, secondera l\u2019enseignante de grande section et CP. Trois accompagnantes d\u2019\u00e9l\u00e8ves en situation de handicap interviendront dans l\u2019\u00e9cole.<\/p>\n<p>Parmi les projets, les maternelles d\u00e9couvriront la pr\u00e9histoire. Les grands du cours moyen partiront en classe m\u00e9di\u00e9vale du 12 au 15 octobre.\u00a0Le sport aura toute sa place dans les activit\u00e9s, avec l\u2019apprentissage de la natation, des ateliers football gr\u00e2ce au partenariat conclu avec le Sporting-club nord atlantique (SCNA). <strong>\u00ab\u00a0Des buts multifonctions vont \u00eatre install\u00e9s dans l\u2019\u00e9cole par les associations de parents d\u2019\u00e9l\u00e8ves\u00a0\u00bb,<\/strong> pr\u00e9cise le directeur.<\/p>\n<p><a href=\"https:\/\/stemarie-derval.fr\/?p=5033\">Ouest France 11 novembre 2024<\/a><\/p>\n<p>&nbsp;<\/p>\n<p>Ouest France <a href=\"https:\/\/www.ouest-france.fr\/pays-de-la-loire\/derval-44590\/des-nouvelles-enseignantes-a-sainte-marie-4ef29a03-cb5e-45cc-8a44-afca58dcc88d\">03 septembre 2024<\/a>\u00a0 <a href=\"https:\/\/stemarie-derval.fr\/wp-content\/uploads\/2024\/09\/Ouest-France-septembre-2024.webp\"><img loading=\"lazy\" decoding=\"async\" class=\"alignnone wp-image-5002\" src=\"https:\/\/stemarie-derval.fr\/wp-content\/uploads\/2024\/09\/Ouest-France-septembre-2024-300x287.webp\" alt=\"\" width=\"138\" height=\"133\" srcset=\"https:\/\/stemarie-derval.fr\/wp-content\/uploads\/2024\/09\/Ouest-France-septembre-2024-300x287.webp 300w, https:\/\/stemarie-derval.fr\/wp-content\/uploads\/2024\/09\/Ouest-France-septembre-2024-768x734.webp 768w, https:\/\/stemarie-derval.fr\/wp-content\/uploads\/2024\/09\/Ouest-France-septembre-2024.webp 940w\" sizes=\"(max-width: 138px) 100vw, 138px\" \/><\/a><\/p>\n<p>Ouest France <a href=\"https:\/\/www.ouest-france.fr\/pays-de-la-loire\/derval-44590\/420-eleves-participent-au-cross-annuel-des-ecoles-e1b9fbe7-ad1f-40ee-810e-47ed1d7901e0\">10 octobre 2023 <\/a><img loading=\"lazy\" decoding=\"async\" class=\" wp-image-4835\" src=\"https:\/\/stemarie-derval.fr\/wp-content\/uploads\/2024\/01\/MjAyMzEwZDljZWI4ODU5NDQxOGNlZGQ1OTFjZWI4OTYyNjUxMzA.jpg\" alt=\"\" width=\"196\" height=\"147\" srcset=\"https:\/\/stemarie-derval.fr\/wp-content\/uploads\/2024\/01\/MjAyMzEwZDljZWI4ODU5NDQxOGNlZGQ1OTFjZWI4OTYyNjUxMzA.jpg 940w, https:\/\/stemarie-derval.fr\/wp-content\/uploads\/2024\/01\/MjAyMzEwZDljZWI4ODU5NDQxOGNlZGQ1OTFjZWI4OTYyNjUxMzA-300x225.jpg 300w, https:\/\/stemarie-derval.fr\/wp-content\/uploads\/2024\/01\/MjAyMzEwZDljZWI4ODU5NDQxOGNlZGQ1OTFjZWI4OTYyNjUxMzA-768x576.jpg 768w\" sizes=\"(max-width: 196px) 100vw, 196px\" \/><\/p>\n<p>Ouest France <a href=\"https:\/\/www.ouest-france.fr\/pays-de-la-loire\/derval-44590\/un-nouveau-directeur-et-une-classe-en-moins-a-sainte-marie-cb182a81-e220-41d4-a6f2-2e80739a8e45\">07 septembre 2023\u00a0 <\/a><a href=\"https:\/\/www.ouest-france.fr\/pays-de-la-loire\/derval-44590\/420-eleves-participent-au-cross-annuel-des-ecoles-e1b9fbe7-ad1f-40ee-810e-47ed1d7901e0\"><img loading=\"lazy\" decoding=\"async\" class=\"aligncenter wp-image-4834\" src=\"https:\/\/stemarie-derval.fr\/wp-content\/uploads\/2024\/01\/MjAyMzA5N2NmMzUyZGZlYTQ5OTBiNGMxYmEyNDdiNzI3YTdlZDA.jpg\" alt=\"\" width=\"291\" height=\"124\" srcset=\"https:\/\/stemarie-derval.fr\/wp-content\/uploads\/2024\/01\/MjAyMzA5N2NmMzUyZGZlYTQ5OTBiNGMxYmEyNDdiNzI3YTdlZDA.jpg 940w, https:\/\/stemarie-derval.fr\/wp-content\/uploads\/2024\/01\/MjAyMzA5N2NmMzUyZGZlYTQ5OTBiNGMxYmEyNDdiNzI3YTdlZDA-300x128.jpg 300w, https:\/\/stemarie-derval.fr\/wp-content\/uploads\/2024\/01\/MjAyMzA5N2NmMzUyZGZlYTQ5OTBiNGMxYmEyNDdiNzI3YTdlZDA-768x328.jpg 768w\" sizes=\"(max-width: 291px) 100vw, 291px\" \/><\/a><\/p>\n","protected":false},"excerpt":{"rendered":"<p>Ouest France 01 septembre 2025 L\u2019\u00e9cole Sainte-Marie a un effectif en l\u00e9g\u00e8re augmentation. Cent soixante-huit \u00e9l\u00e8ves (contre cent soixante-deux l\u2019an pass\u00e9), int\u00e9greront les sept classes de l\u2019\u00e9tablissement priv\u00e9. \u00ab\u00a0Les d\u00e9parts d\u2019\u00e9l\u00e8ves en 6e ont \u00e9t\u00e9 largement compens\u00e9s par l\u2019arriv\u00e9e de nouvelles familles, se f\u00e9licite le directeur, David Charpentier. Au total, on a r\u00e9alis\u00e9 trente-quatre nouvelles<\/p>\n<p><a href=\"https:\/\/stemarie-derval.fr\/?page_id=4833\" class=\"more-link themebutton\">Lire la suite<\/a><\/p>\n","protected":false},"author":2,"featured_media":4838,"parent":0,"menu_order":0,"comment_status":"closed","ping_status":"closed","template":"","meta":{"footnotes":""},"_links":{"self":[{"href":"https:\/\/stemarie-derval.fr\/index.php?rest_route=\/wp\/v2\/pages\/4833"}],"collection":[{"href":"https:\/\/stemarie-derval.fr\/index.php?rest_route=\/wp\/v2\/pages"}],"about":[{"href":"https:\/\/stemarie-derval.fr\/index.php?rest_route=\/wp\/v2\/types\/page"}],"author":[{"embeddable":true,"href":"https:\/\/stemarie-derval.fr\/index.php?rest_route=\/wp\/v2\/users\/2"}],"replies":[{"embeddable":true,"href":"https:\/\/stemarie-derval.fr\/index.php?rest_route=%2Fwp%2Fv2%2Fcomments&post=4833"}],"version-history":[{"count":6,"href":"https:\/\/stemarie-derval.fr\/index.php?rest_route=\/wp\/v2\/pages\/4833\/revisions"}],"predecessor-version":[{"id":5087,"href":"https:\/\/stemarie-derval.fr\/index.php?rest_route=\/wp\/v2\/pages\/4833\/revisions\/5087"}],"wp:featuredmedia":[{"embeddable":true,"href":"https:\/\/stemarie-derval.fr\/index.php?rest_route=\/wp\/v2\/media\/4838"}],"wp:attachment":[{"href":"https:\/\/stemarie-derval.fr\/index.php?rest_route=%2Fwp%2Fv2%2Fmedia&parent=4833"}],"curies":[{"name":"wp","href":"https:\/\/api.w.org\/{rel}","templated":true}]}}