{"id":4956,"date":"2024-08-19T11:52:05","date_gmt":"2024-08-19T09:52:05","guid":{"rendered":"https:\/\/stemarie-derval.fr\/?page_id=4956"},"modified":"2024-08-19T11:53:02","modified_gmt":"2024-08-19T09:53:02","slug":"musique","status":"publish","type":"page","link":"https:\/\/stemarie-derval.fr\/?page_id=4956","title":{"rendered":"Musique"},"content":{"rendered":"<p><a href=\"http:\/\/ecolenouvelle.wordpress.com\/2014\/01\/31\/partitions-paroles-accords-et-mp3-ou-video\/\">Partitions et paroles class\u00e9es par ordre alphab\u00e9tique,<\/a><\/p>\n<p>L\u2019\u00e9coute musicale rythme plusieurs fois par mois la vie de notre classe.<\/p>\n<p>Les instructions officielles indiquent: que \u00a0\u00bb <em>la sensibilit\u00e9 artistique et les capacit\u00e9s d\u2019expression des \u00e9l\u00e8ves sont d\u00e9velopp\u00e9es par les pratiques artistiques, mais \u00e9galement par la rencontre et l\u2019\u00e9tude d\u2019\u0153uvres diversifi\u00e9es relevant des diff\u00e9rentes composantes [\u2026]<\/em>\u00ab<\/p>\n<p>Dans la limite des droits attach\u00e9s aux \u0153uvres artistiques, nous mettrons d\u00e9sormais r\u00e9guli\u00e8rement en ligne les extraits \u00e9cout\u00e9s pour vous permettre de prolonger \u00e0 la maison le travail commenc\u00e9 en classe; reprenant ainsi la c\u00e9l\u00e8bre citation qu\u2019il faut \u00ab\u00a0avoir assez de musique dans son c\u0153ur pour faire danser sa vie\u00a0\u00bb. (<a href=\"http:\/\/ecolenouvelle.wordpress.com\/musique\/\">pour en savoir plus<\/a>)<\/p>\n","protected":false},"excerpt":{"rendered":"<p>Partitions et paroles class\u00e9es par ordre alphab\u00e9tique, L\u2019\u00e9coute musicale rythme plusieurs fois par mois la vie de notre classe. Les instructions officielles indiquent: que \u00a0\u00bb la sensibilit\u00e9 artistique et les capacit\u00e9s d\u2019expression des \u00e9l\u00e8ves sont d\u00e9velopp\u00e9es par les pratiques artistiques, mais \u00e9galement par la rencontre et l\u2019\u00e9tude d\u2019\u0153uvres diversifi\u00e9es relevant des diff\u00e9rentes composantes [\u2026]\u00ab Dans<\/p>\n<p><a href=\"https:\/\/stemarie-derval.fr\/?page_id=4956\" class=\"more-link themebutton\">Lire la suite<\/a><\/p>\n","protected":false},"author":2,"featured_media":4957,"parent":0,"menu_order":0,"comment_status":"closed","ping_status":"closed","template":"","meta":{"footnotes":""},"_links":{"self":[{"href":"https:\/\/stemarie-derval.fr\/index.php?rest_route=\/wp\/v2\/pages\/4956"}],"collection":[{"href":"https:\/\/stemarie-derval.fr\/index.php?rest_route=\/wp\/v2\/pages"}],"about":[{"href":"https:\/\/stemarie-derval.fr\/index.php?rest_route=\/wp\/v2\/types\/page"}],"author":[{"embeddable":true,"href":"https:\/\/stemarie-derval.fr\/index.php?rest_route=\/wp\/v2\/users\/2"}],"replies":[{"embeddable":true,"href":"https:\/\/stemarie-derval.fr\/index.php?rest_route=%2Fwp%2Fv2%2Fcomments&post=4956"}],"version-history":[{"count":1,"href":"https:\/\/stemarie-derval.fr\/index.php?rest_route=\/wp\/v2\/pages\/4956\/revisions"}],"predecessor-version":[{"id":4959,"href":"https:\/\/stemarie-derval.fr\/index.php?rest_route=\/wp\/v2\/pages\/4956\/revisions\/4959"}],"wp:featuredmedia":[{"embeddable":true,"href":"https:\/\/stemarie-derval.fr\/index.php?rest_route=\/wp\/v2\/media\/4957"}],"wp:attachment":[{"href":"https:\/\/stemarie-derval.fr\/index.php?rest_route=%2Fwp%2Fv2%2Fmedia&parent=4956"}],"curies":[{"name":"wp","href":"https:\/\/api.w.org\/{rel}","templated":true}]}}