{"id":5110,"date":"2025-10-09T12:43:48","date_gmt":"2025-10-09T10:43:48","guid":{"rendered":"https:\/\/stemarie-derval.fr\/?page_id=5110"},"modified":"2026-03-06T13:34:09","modified_gmt":"2026-03-06T12:34:09","slug":"les-ecoutes-musicales-de-2025-2026","status":"publish","type":"page","link":"https:\/\/stemarie-derval.fr\/?page_id=5110","title":{"rendered":"Les \u00e9coutes musicales de 2025 2026"},"content":{"rendered":"<p>Pour avoir acc\u00e8s aux diff\u00e9rents \u00e9coutes, <a href=\"https:\/\/ecolenouvelle.wordpress.com\/2015\/09\/30\/fiches-musique\/\">cliquer ici.<\/a><\/p>\n<p><img loading=\"lazy\" decoding=\"async\" class=\"aligncenter size-full wp-image-5146\" src=\"https:\/\/stemarie-derval.fr\/wp-content\/uploads\/2026\/03\/Miniature-plus-vite-que-la-musique.png\" alt=\"\" width=\"1000\" height=\"570\" srcset=\"https:\/\/stemarie-derval.fr\/wp-content\/uploads\/2026\/03\/Miniature-plus-vite-que-la-musique.png 1000w, https:\/\/stemarie-derval.fr\/wp-content\/uploads\/2026\/03\/Miniature-plus-vite-que-la-musique-300x171.png 300w, https:\/\/stemarie-derval.fr\/wp-content\/uploads\/2026\/03\/Miniature-plus-vite-que-la-musique-768x438.png 768w\" sizes=\"(max-width: 1000px) 100vw, 1000px\" \/><\/p>\n","protected":false},"excerpt":{"rendered":"<p>Pour avoir acc\u00e8s aux diff\u00e9rents \u00e9coutes, cliquer ici.<\/p>\n","protected":false},"author":2,"featured_media":0,"parent":0,"menu_order":0,"comment_status":"closed","ping_status":"closed","template":"","meta":{"footnotes":""},"_links":{"self":[{"href":"https:\/\/stemarie-derval.fr\/index.php?rest_route=\/wp\/v2\/pages\/5110"}],"collection":[{"href":"https:\/\/stemarie-derval.fr\/index.php?rest_route=\/wp\/v2\/pages"}],"about":[{"href":"https:\/\/stemarie-derval.fr\/index.php?rest_route=\/wp\/v2\/types\/page"}],"author":[{"embeddable":true,"href":"https:\/\/stemarie-derval.fr\/index.php?rest_route=\/wp\/v2\/users\/2"}],"replies":[{"embeddable":true,"href":"https:\/\/stemarie-derval.fr\/index.php?rest_route=%2Fwp%2Fv2%2Fcomments&post=5110"}],"version-history":[{"count":2,"href":"https:\/\/stemarie-derval.fr\/index.php?rest_route=\/wp\/v2\/pages\/5110\/revisions"}],"predecessor-version":[{"id":5147,"href":"https:\/\/stemarie-derval.fr\/index.php?rest_route=\/wp\/v2\/pages\/5110\/revisions\/5147"}],"wp:attachment":[{"href":"https:\/\/stemarie-derval.fr\/index.php?rest_route=%2Fwp%2Fv2%2Fmedia&parent=5110"}],"curies":[{"name":"wp","href":"https:\/\/api.w.org\/{rel}","templated":true}]}}

Les écoutes musicales de 2025 2026

<p>Pour avoir accès aux différents écoutes, <a href="https://ecolenouvelle.wordpress.com/2015/09/30/fiches-musique/">cliquer ici.</a></p>
<p><img loading="lazy" decoding="async" class="aligncenter size-full wp-image-5146" src="https://stemarie-derval.fr/wp-content/uploads/2026/03/Miniature-plus-vite-que-la-musique.png" alt="" width="1000" height="570" srcset="https://stemarie-derval.fr/wp-content/uploads/2026/03/Miniature-plus-vite-que-la-musique.png 1000w, https://stemarie-derval.fr/wp-content/uploads/2026/03/Miniature-plus-vite-que-la-musique-300x171.png 300w, https://stemarie-derval.fr/wp-content/uploads/2026/03/Miniature-plus-vite-que-la-musique-768x438.png 768w" sizes="(max-width: 1000px) 100vw, 1000px" /></p>

<p>Pour avoir accès aux différents écoutes, cliquer ici.</p>
